ded by 425.
392
Calculate the remainder when 2437464 is divided by 177.
174
Calculate the remainder when 331051 is divided by 6231.
808
Calculate the remainder when 194744 is divided by 2094.
2
What is the remainder when 181525 is divided by 78?
19
Calculate the remainder when 6334992 is divided by 5893.
17
What is the remainder when 12998935 is divided by 127?
104
Calculate the remainder when 22948199 is divided by 2318.
2317
Calculate the remainder when 1146491 is divided by 229296.
11
What is the remainder when 75332316 is divided by 217096?
4
What is the remainder when 4503320 is divided by 585?
575
Calculate the remainder when 150797847 is divided by 37699460.
7
Calculate the remainder when 9476586 is divided by 74.
72
What is the remainder when 1300118 is divided by 54126?
1094
What is the remainder when 53242503 is divided by 478?
473
Calculate the remainder when 163019 is divided by 105.
59
Calculate the remainder when 32693975 is divided by 183674.
3
What is the remainder when 70199547 is divided by 681549?
0
Calculate the remainder when 129871 is divided by 962.
1
Calculate the remainder when 8111520 is divided by 8111499.
21
Calculate the remainder when 12187449 is divided by 4062453.
90
What is the remainder when 103881 is divided by 1130?
1051
What is the remainder when 3778730 is divided by 1259575?
5
Calculate the remainder when 658945 is divided by 156.
1
Calculate the remainder when 414446642 is divided by 28.
22
What is the remainder when 487285 is divided by 40597?
121
What is the remainder when 136503813 is divided by 61627?
8
Calculate the remainder when 1164529 is divided by 17381.
2
Calculate the remainder when 229184963 is divided by 145.
138
Calculate the remainder when 9310256 is divided by 38.
28
What is the remainder when 222716842 is divided by 91?
75
What is the remainder when 175040 is divided by 1860?
200
Calculate the remainder when 3377033 is divided by 62.
17
Calculate the remainder when 1342948766 is divided by 1312.
1310
What is the remainder when 10429671 is divided by 45?
21
Calculate the remainder when 1922587019 is divided by 3174.
3173
What is the remainder when 217765 is divided by 448?
37
What is the remainder when 27309303 is divided by 27309296?
7
Calculate the remainder when 742967 is divided by 279.
269
What is the remainder when 863 is divided by 225?
188
What is the remainder when 5209499 is divided by 489?
182
Calculate the remainder when 672627 is divided by 134154.
1857
Calculate the remainder when 5919813 is divided by 7688.
53
Calculate the remainder when 626035 is divided by 742.
529
Calculate the remainder when 700730 is divided by 350.
30
Calculate the remainder when 97302 is divided by 19314.
732
What is the remainder when 654815 is divided by 62?
33
What is the remainder when 145647 is divided by 36359?
211
What is the remainder when 596554191 is divided by 373?
371
What is the remainder when 114264 is divided by 4538?
814
What is the remainder when 11703985 is divided by 3901308?
61
What is the remainder when 21018860 is divided by 7006284?
8
Calculate the remainder when 10455977 is divided by 3444.
3437
What is the remainder when 2157658 is divided by 166?
156
Calculate the remainder when 3914198 is divided by 43491.
8
What is the remainder when 5592 is divided by 1108?
52
What is the remainder when 267854 is divided by 1135?
1129
What is the remainder when 233978 is divided by 116252?
1474
Calculate the remainder when 105373155 is divided by 5077.
20
Calculate the remainder when 415064 is divided by 23.
6
Calculate the remainder when 3470503 is divided by 38.
1
Calculate the remainder when 52860 is divided by 6433.
1396
What is the remainder when 55915 is divided by 7139?
5942
Calculate the remainder when 1254477 is divided by 627223.
31
Calculate the remainder when 7145232 is divided by 25795.
17
Calculate the remainder when 13456 is divided by 406.
58
What is the remainder when 12066 is divided by 10477?
1589
What is the remainder when 3609142 is divided by 178?
14
What is the remainder when 6680236 is divided by 1399?
11
Calculate the remainder when 236463 is divided by 518.
255
Calculate the remainder when 410885 is divided by 320.
5
What is the remainder when 31258782 is divided by 186?
180
Calculate the remainder when 3129647 is divided by 2536.
223
What is the remainder when 18808070 is divided by 38940?
50
What is the remainder when 316365 is divided by 312?
309
Calculate the remainder when 32833720 is divided by 2052107.
8
Calculate the remainder when 4318631 is divided by 2159102.
427
What is the remainder when 7236299 is divided by 53208?
11
What is the remainder when 7120980 is divided by 6782?
6662
What is the remainder when 156632 is divided by 153393?
3239
What is the remainder when 669132 is divided by 95288?
2116
Calculate the remainder when 12144505 is divided by 4048168.
1
Calculate the remainder when 196058 is divided by 2798.
198
What is the remainder when 293066 is divided by 612?
530
Calculate the remainder when 973644 is divided by 324212.
1008
Calculate the remainder when 174305 is divided by 603.
38
What is the remainder when 33819 is divided by 259?
149
What is the remainder when 48544648 is divided by 42?
40
Calculate the remainder when 4636819 is divided by 34094.
35
Calculate the remainder when 124807 is divided by 12350.
1307
What is the remainder when 406797 is divided by 732?
537
Calculate the remainder when 11687725 is divided by 406.
203
What is the remainder when 3287747 is divided by 228?
215
What is the remainder when 7586742 is divided by 2219?
2200
Calculate the remainder when 61532371 is divided by 38.
35
What is the remainder when 5902141 is divided by 40987?
13
Calculate the remainder when 8081056 is divided by 240.
16
What is the remainder when 118352 is divided by 7278?
1904
What is the remainder when 45341477 is divided by 686992?
5
Calculate the remainder when 2017132 is divided by 107.
75
What is the remainder when 77240519 is divided by 10379?
1
What is the remainder when 352948 is divided by 342?
4
Calculate the remainder when 24589467 is divided by 55.
12
Calculate the remainder when 62857646 is divided by 56.
54
What is the remainder when 914229 is divided by 9723?
267
Calculate the remainder when 28280167 is divided by 8.
7
What is the remainder when 50369491 is divided by 16789813?
52
What is the remainder when 15450877 is divided by 16758?
1
Calculate the remainder when 1854372 is divided by 9271.
172
Calculate the remainder when 1805202 is divided by 902531.
140
Calculate the remainder when 8319 is divided by 2637.
408
What is the remainder when 10349 is divided by 8778?
1571
What is the remainder when 1139360 is divided by 3224?
1288
Calculate the remainder when 100280 is divided by 33346.
242
What is the remainder when 3107255 is divided by 221?
216
What is the remainder when 13927887 is divided by 570?
507
Calculate the remainder when 1943435 is divided by 485702.
627
What is the remainder when 1149815 is divided by 574886?
43
What is the remainder when 11374 is divided by 3016?
2326
Calculate the remainder when 201120 is divided by 57.
24
What is the remainder when 4559409 is divided by 115?
4
Calculate the remainder when 1142279 is divided by 342.
341
What is the remainder when 1312047 is divided by 454?
441
Calculate the remainder when 74336 is divided by 1830.
1136
What is the remainder when 4981210 is divided by 35836?
6
What is the remainder when 383635 is divided by 1812?
1303
Calculate the remainder when 5243199 is divided by 1747436.
891
Calculate the remainder when 20894 is divided by 20886.
8
What is the remainder when 1863132 is divided by 620593?
1353
Calculate the remainder when 1674415 is divided by 54013.
12
Calculate the remainder when 16642 is divided by 8291.
60
What is the remainder when 3303610 is divided by 24?
10
What is the remainder when 5420363 is divided by 904?
883
Calculate the remainder when 883636 is divided by 541.
183
What is the remainder when 109395613 is divided by 242?
239
Calculate the remainder when 13162953 is divided by 215786.
7
What is the remainder when 30836231 is divided by 119?
118
What is the remainder when 32074987 is divided by 430?
427
What is the remainder when 121528